) = q**3 - 5*q**2 - 2*q + 5. Let b be h(5). Let n be v(b). Suppose -164 = -n*o - 4*o. What is the units digit of o?
1
Let o(u) = 7*u**2 - u + 49. What is the units digit of o(-11)?
7
Let u(c) = -10*c - 30. Let x be u(-3). Let p be (-3)/2*-4*1. Let t = p + x. What is the units digit of t?
6
Let j(z) = -7 + 10 + 19 + z**3. Suppose 5*x - 2 = -0*x - n, -5*n + 10 = 2*x. What is the units digit of j(x)?
2
Let k = 18 - 31. Suppose 2 = -2*f, 0 = 4*r + 2*f - 59 - 55. Let w = r + k. What is the units digit of w?
6
Let g = 662 + -933. Let p = -190 - g. What is the tens digit of p?
8
Suppose -28*b = -16*b - 6324. What is the hundreds digit of b?
5
Let v be (-72)/(-20) - (-6)/(-10). Let r(g) = 5*g**2 - 4*g**2 + 4*g + g**2 - 1 - 3*g**2. What is the units digit of r(v)?
2
Let q(g) = g**3 + g**2 + 2*g + 407. What is the tens digit of q(0)?
0
Let j(f) be the third derivative of -7*f**4/24 + 29*f**3/6 + 4*f**2. What is the tens digit of j(-11)?
0
Suppose -x + u + 99 = 0, -177 = 3*x - 4*u - 477. Let v = 15 + x. What is the tens digit of v?
1
Suppose 35 = u + 5*t, 5*u + 0*u - 112 = -4*t. What is the tens digit of u?
2
Suppose a - 7*a = -108. Suppose 2564 = a*t - 2512. What is the tens digit of t?
8
Let u(k) = k**2 + 4*k - 2. Let x be u(-5). Let l(g) = 11*g**2 - 8*g + 2. What is the tens digit of l(x)?
7
Let z = -252 + 756. What is the hundreds digit of z?
5
Let i(s) = s**3 + 5*s**2 - 7. Let x be i(-3). Let f = x - 15. Let m(b) = 3*b**2 + 4*b + 1. What is the tens digit of m(f)?
3
Suppose l = -2*g + 44, 0 = 4*l + g + 3*g - 160. Suppose 0 = -5*p + 2*p + l. What is the units digit of 42/9 - (-16)/p?
6
Let y be (-30)/9*6/(-4). Suppose 0 = -2*w + 3*w - y. Suppose -w*l + 99 = -2*h, 5*l - 2*l = -2*h + 69. What is the tens digit of l?
2
Let k = 8980 - 5936. What is the units digit of k?
4
Let p(w) = -2*w - 4. Let a be p(-3). Suppose -5*d = a*z - 165, -d + 1 = -0*d. What is the units digit of z?
0
Let p(w) = 14*w + 24 + 17*w - 32*w. What is the tens digit of p(-9)?
3
Suppose 31*l - 3*n = 27*l + 6390, -l + 2*n + 1595 = 0. What is the tens digit of l?
9
Let c = -493 + 691. What is the hundreds digit of c?
1
Suppose 5*d - 10*d = -595. Suppose 5*u - k - k = -d, -6 = 2*k. What is the tens digit of 20/u*(-130)/4?
2
Let r(b) = -b**3 - 21*b**2 - 19*b - 26. What is the tens digit of r(-21)?
7
Let l be 4/8 + 212/(-8). Let m = l - -37. Let o = 37 - m. What is the tens digit of o?
2
Let x be (-15)/1*(27 + -58). Suppose -4*b - 5*z = -620, 8*b = 5*b - 4*z + x. What is the hundreds digit of b?
1
Suppose 4*f - p - 9 = 0, 3*f - 2 = -0*f - 4*p. Suppose f*x - 130 = 448. What is the tens digit of x?
8
Let r be -1*0/(1 - -3). Suppose r = 17*f - 21*f + 120. What is the units digit of f?
0
What is the hundreds digit of 297 - 20/15*(2 + 1)?
2
Let z(y) = -y - 4. Let h be z(-8). What is the units digit of ((-2)/h)/(2/(-240))?
0
Let y = -150 + 155. Suppose y*g = 140 + 405. What is the tens digit of g?
0
Let q(a) = -6*a - 1. Let b be q(-1). What is the tens digit of (b - 17)/(-4) - -142?
4
Let f(o) be the second derivative of -o**4/6 - 29*o**3/6 + 37*o**2/2 + 50*o. What is the units digit of f(-15)?
2
Let t = -1 - 2. Let f be -2 + -1 - 45/t. Let y(o) = o**2 - 12*o + 15. What is the tens digit of y(f)?
1
Suppose -2*h + 30 = 90. What is the tens digit of (-408)/h + 6/15?
1
Let o = 422 + -189. What is the units digit of o?
3
Suppose r - 9 - 524 = i, -5*r + 4*i = -2666. What is the hundreds digit of r?
5
Let z(l) = 4*l - 7. Suppose -16 + 0 = -8*t. What is the units digit of z(t)?
1
Suppose 17034 = 21*n - 1803. What is the tens digit of n?
9
Let h = 11 + -10. What is the hundreds digit of (-2 - (-203 + -1))*h/2?
1
Let k = 25 - 25. Suppose -3*x + q + 293 = k, 4*x + 4*q = x + 298. What is the tens digit of x?
9
Let k(r) = 4 + 2*r - 26 - 6*r + 22*r. Let b be k(10). What is the units digit of b/(-1*(-4)/2)?
9
Let v = -31 - -51. Suppose q = 4*w + 2*q - 11, 0 = 5*w + 3*q - 19. Suppose w*x = 54 - v. What is the tens digit of x?
1
Suppose 0 = -3*m - 4*q + 298 + 406, -3*m + 702 = 3*q. What is the units digit of m?
2
What is the tens digit of (6 + (-5496)/(-6))/2?
6
Suppose c - 104 = -2*z, 3*z = c + 7*z - 112. What is the units digit of c?
6
Suppose 8 = 4*c, 12*c = w + 10*c + 28. Suppose -3*s + 53 = -2*s. Let m = s + w. What is the tens digit of m?
2
Let x = 12 - 10. Let k be (x/2 - 2)*-1. Suppose -5*i - k = -36. What is the units digit of i?
7
Suppose -y = 5*z - 6*z + 1369, -2*z - 2*y + 2758 = 0. What is the hundreds digit of z?
3
Let o = -42 + 67. Suppose 20*r - o*r = -645. What is the tens digit of r?
2
Let g be 158/(-18) + 8/(-36). Let w(f) be the first derivative of f**4/4 + 3*f**3 - f**2/2 - 6*f - 2. What is the units digit of w(g)?
3
Let r(f) = -9*f**2 + 7*f - 3. Let z be r(3). What is the units digit of (z/1)/(1*(-4 + 3))?
3
Suppose 7*k = 9*k + 282. Let y be 10/(-35) - k/(-21). Let g = y - -31. What is the units digit of g?
4
Suppose -d + 607 = -2*u, 4*d - 4*u = -3*u + 2393. What is the units digit of d?
7
Suppose -58*t + 10350 = -35*t. What is the hundreds digit of t?
4
Let w = 15 + -18. Let g be (-2)/(-10) - (-56)/20. What is the units digit of w/g + (6 - 3)?
2
Let t be (-5)/30 - 2649/(-18). Suppose 3*j + 42 = t. What is the units digit of j?
5
Let i = -480 - -886. What is the hundreds digit of i?
4
Let q(v) be the second derivative of v**4/12 - v**3 - v + 91. Suppose 2*z + g + 2*g = 23, 4*g - 12 = 0. What is the units digit of q(z)?
7
What is the units digit of (1 + (-3075)/(-20))*4?
9
Suppose -w + 4*d + d + 330 = 0, -3*d - 681 = -2*w. What is the hundreds digit of w?
3
Suppose 5*c - 20 = 0, -2*j + 2*c - 5*c = 636. What is the units digit of j/(-10)*(-5 - (-50)/6)?
8
Let v(m) = -47*m - 33 + 27*m + 23*m. What is the units digit of v(23)?
6
Let f be 27/(-18) + (-135)/6. Let r be -1 + 2 - 1 - 1. What is the units digit of (0 + r)*(-5 + f)?
9
Let y(a) = -2*a**3 + 5*a**2 - 5*a + 2. Let z be y(3). Let o = 7 + z. Let s = o - -28. What is the units digit of s?
3
Let i(h) = 188*h**2 + 40*h - 10. What is the units digit of i(4)?
8
Let z(c) = c + 23. Let s be z(-21). Suppose -s*l - 3*y + 4*y = -113, -111 = -2*l + 3*y. What is the units digit of l?
7
What is the tens digit of (-16160)/(-18) - -2 - (-2)/9?
0
Suppose 3*g + g = 0. Suppose 2*a - 8 - 32 = g. Suppose -4*i + a = -0*i. What is the units digit of i?
5
Suppose n = -22*p + 17*p + 351, 0 = -5*n - 4*p + 1671. What is the tens digit of n?
3
Suppose -3*v + 2 = s - 9, 5*s - 23 = v. Let w = 10 - 10. Suppose -v*h = -w*h - 10. What is the units digit of h?
5
Suppose -895 - 134 = -3*l + 4*q, -l + 3*q = -348. What is the tens digit of l?
3
Let p(y) = -2*y**3 + 2*y**2 + 8*y + 13. Let d be p(-4). What is the units digit of -1 - 12/(-18)*d?
3
Suppose 4*m - 5*r + 6*r = 22121, -5*m + 4*r = -27667. What is the units digit of m?
1
Suppose -147 = 2*x - 477. What is the units digit of x?
5
Let r(t) = -t**2 + 13*t + 2. Let w(j) = j**2 - 14*j - 2. Let b(y) = 4*r(y) + 3*w(y). Let g(u) = 29*u + 182. Let f be g(-6). What is the units digit of b(f)?
8
What is the units digit of (-21)/(-28) - ((-555)/12 - 0)?
7
Let o(z) = z**2 - 18*z + 47. Suppose -20 = 26*g - 27*g. What is the units digit of o(g)?
7
Suppose 29*g = 30*g + 8. What is the units digit of 10 + g - (1 + -16)?
7
Suppose 0 = -x - 789 + 4418. What is the hundreds digit of x?
6
What is the tens digit of (26/(-39))/((-2)/1407)?
6
Let h(s) = -113*s**3 + 3*s. What is the hundreds digit of h(-2)?
8
Let o(m) be the third derivative of -1/6*m**3 + 0*m + 4*m**2 + 0*m**4 + 0 + 1/10*m**5. What is the units digit of o(-1)?
5
Let n(j) = j**3 + 5*j**2 - 5*j - 5. Let u be n(-6). Let v(l) = l**3 + 10*l**2 - 11*l + 3. Let i be v(u). Let s(y) = 13*y - 5. What is the tens digit of s(i)?
3
Let a(p) = 1417*p - 951. What is the hundreds digit of a(4)?
7
Suppose t - 4*t + 6 = 0. Suppose -n + q = -t*q - 44, n - 38 = q. What is the tens digit of n?
3
Suppose q + 3*q = 4*v + 28, 4*v = -5*q - 46. Let w be v/(-4 + (-17)/(-5)). Suppose -13*g - 60 = -w*g. What is the tens digit of g?
3
Let s(a) = a - 5. Let j be s(4). Let x be (27/63)/(j/(-7)). Suppose -y + 40 = y + x*z, 4 = -z. What is the tens digit of y?
2
What is the units digit of 491 + (-9 - (1 + -3))?
4
Let i = -3 - -6. Let y = -42 + 46. Suppose y*w = 5*z + 9, 2*z = -i*w + w + 18. What is the